{"id":872,"date":"2025-09-03T22:19:52","date_gmt":"2025-09-03T14:19:52","guid":{"rendered":"https:\/\/www.shendadi.com\/?page_id=872"},"modified":"2025-10-12T21:36:06","modified_gmt":"2025-10-12T13:36:06","slug":"%e8%8c%83%e6%b0%8f%e9%9b%aa%e5%a8%87%e4%b8%aa%e4%ba%ba%e4%bf%a1%e6%81%af","status":"publish","type":"page","link":"https:\/\/www.shendadi.com\/?page_id=872","title":{"rendered":"\u8303\u6c0f\u96ea\u5a07\u4e2a\u4eba\u4fe1\u606f"},"content":{"rendered":"\t\t<div data-elementor-type=\"wp-page\" data-elementor-id=\"872\" class=\"elementor elementor-872\">\n\t\t\t\t<div class=\"elementor-element elementor-element-8b4df67 e-con-full e-flex e-con e-parent\" data-id=\"8b4df67\" data-element_type=\"container\">\n\t\t<div class=\"elementor-element elementor-element-d66e336 e-flex e-con-boxed e-con e-child\" data-id=\"d66e336\" data-element_type=\"container\">\n\t\t\t\t\t<div class=\"e-con-inner\">\n\t\t\t\t<div class=\"elementor-element elementor-element-7e5412f elementor-widget__width-initial elementor-widget elementor-widget-image\" data-id=\"7e5412f\" data-element_type=\"widget\" data-widget_type=\"image.default\">\n\t\t\t\t<div class=\"elementor-widget-container\">\n\t\t\t\t\t\t\t\t\t\t\t\t\t\t\t<img fetchpriority=\"high\" decoding=\"async\" width=\"683\" height=\"1024\" src=\"https:\/\/www.shendadi.com\/wp-content\/uploads\/2025\/09\/\u5fae\u4fe1\u56fe\u7247_20250904160659_218_2252-683x1024.jpg\" class=\"attachment-large size-large wp-image-1015\" alt=\"\" srcset=\"https:\/\/www.shendadi.com\/wp-content\/uploads\/2025\/09\/\u5fae\u4fe1\u56fe\u7247_20250904160659_218_2252-683x1024.jpg 683w, https:\/\/www.shendadi.com\/wp-content\/uploads\/2025\/09\/\u5fae\u4fe1\u56fe\u7247_20250904160659_218_2252-200x300.jpg 200w, https:\/\/www.shendadi.com\/wp-content\/uploads\/2025\/09\/\u5fae\u4fe1\u56fe\u7247_20250904160659_218_2252-768x1152.jpg 768w, https:\/\/www.shendadi.com\/wp-content\/uploads\/2025\/09\/\u5fae\u4fe1\u56fe\u7247_20250904160659_218_2252-1024x1536.jpg 1024w, https:\/\/www.shendadi.com\/wp-content\/uploads\/2025\/09\/\u5fae\u4fe1\u56fe\u7247_20250904160659_218_2252.jpg 1080w\" sizes=\"(max-width: 683px) 100vw, 683px\" \/>\t\t\t\t\t\t\t\t\t\t\t\t\t\t\t<\/div>\n\t\t\t\t<\/div>\n\t\t\t\t<div class=\"elementor-element elementor-element-8db12a2 elementor-widget elementor-widget-text-editor\" data-id=\"8db12a2\" data-element_type=\"widget\" data-widget_type=\"text-editor.default\">\n\t\t\t\t<div class=\"elementor-widget-container\">\n\t\t\t\t\t\t\t\t\t<h2 style=\"text-align: left;\">\u8303\u6c0f\u96ea\u5a07\u00a0 \u00a0<\/h2>\t\t\t\t\t\t\t\t<\/div>\n\t\t\t\t<\/div>\n\t\t\t\t<div class=\"elementor-element elementor-element-26782e9 elementor-widget elementor-widget-text-editor\" data-id=\"26782e9\" data-element_type=\"widget\" data-widget_type=\"text-editor.default\">\n\t\t\t\t<div class=\"elementor-widget-container\">\n\t\t\t\t\t\t\t\t\t<p><strong><b>Ph\u1ea1m Th\u1ecb Tuy\u1ebft Giao\u00a0 \u00a0<\/b><\/strong><strong><b>Chuy\u00ean vi\u00ean K\u1ebf to\u00e1n \u2013 Ki\u1ec3m to\u00e1n\u00a0 \u00a0<\/b><\/strong><strong><b>C\u00f4ng ty Lu\u1eadt \u0110\u1ea1i \u0110\u1ecba Vi\u1ec7t Nam<\/b><\/strong><\/p>\t\t\t\t\t\t\t\t<\/div>\n\t\t\t\t<\/div>\n\t\t\t\t<div class=\"elementor-element elementor-element-cdaa1a5 elementor-widget elementor-widget-text-editor\" data-id=\"cdaa1a5\" data-element_type=\"widget\" data-widget_type=\"text-editor.default\">\n\t\t\t\t<div class=\"elementor-widget-container\">\n\t\t\t\t\t\t\t\t\t<p><strong><b>\u8d8a\u5357\u5927\u5730\u5f8b\u5e08\u6709\u9650\u516c\u53f8 <\/b><\/strong><strong><b>\u4f1a\u8ba1 \u2013 \u5ba1\u8ba1\u4e13\u5458<\/b><\/strong><\/p>\t\t\t\t\t\t\t\t<\/div>\n\t\t\t\t<\/div>\n\t\t\t\t<div class=\"elementor-element elementor-element-4648130 elementor-widget__width-initial elementor-widget elementor-widget-text-editor\" data-id=\"4648130\" data-element_type=\"widget\" data-widget_type=\"text-editor.default\">\n\t\t\t\t<div class=\"elementor-widget-container\">\n\t\t\t\t\t\t\t\t\t<p>\u6bd5\u4e1a\u4e8e <strong><b>\u80e1\u5fd7\u660e\u5e02\u5de5\u4e1a\u5927\u5b66\u4f1a\u8ba1 \u2013 \u5ba1\u8ba1\u4e13\u4e1a<\/b><\/strong>\uff0c\u62e5\u6709\u624e\u5b9e\u7684\u4e13\u4e1a\u77e5\u8bc6\u57fa\u7840\uff0c\u7cbe\u901a\u4f1a\u8ba1\u5b9e\u52a1\u64cd\u4f5c\uff0c\u5982 <strong><b>\u8bb0\u8d26\u3001\u7f16\u5236\u8d22\u52a1\u62a5\u8868\u3001\u6570\u636e\u5206\u6790\u4e0e\u6210\u672c\u63a7\u5236<\/b><\/strong>\u00a0\u7b49\u65b9\u9762\u3002<\/p><p>\u8d1f\u8d23\uff1a<\/p><ul><li>\u8bb0\u5f55\u4e0e\u6838\u7b97\u5404\u7c7b\u7ecf\u6d4e\u4e1a\u52a1\uff1b<\/li><li>\u5efa\u7acb\u4e0e\u7ef4\u62a4\u4f1a\u8ba1\u8d26\u7c3f\uff1b<\/li><li>\u8ddf\u8fdb\u5e94\u6536\u5e94\u4ed8\u6b3e\u9879\u5e76\u7ba1\u7406\u4f1a\u8ba1\u51ed\u8bc1\u4e0e\u5355\u636e\u3002<\/li><\/ul><p>\u5177\u5907 <strong><b>\u5b9e\u9645\u64cd\u4f5c\u7ecf\u9a8c<\/b><\/strong>\uff0c\u80fd\u591f\u6309\u65f6\u7f16\u5236 <strong><b>\u8d22\u52a1\u62a5\u8868\u3001\u589e\u503c\u7a0e\u3001\u4f01\u4e1a\u6240\u5f97\u7a0e\u3001\u4e2a\u4eba\u6240\u5f97\u7a0e\u7533\u62a5\u62a5\u544a<\/b><\/strong>\uff0c\u5e76\u66fe\u53c2\u4e0e\u5236\u5b9a\u4e0e\u5b8c\u5584\u516c\u53f8 <strong><b>\u5185\u90e8\u6210\u672c\u7ba1\u7406\u6d41\u7a0b<\/b><\/strong>\uff0c\u4e3a\u4f01\u4e1a <strong><b>\u4f18\u5316\u9884\u7b97\u3001\u63d0\u5347\u8d22\u52a1\u6548\u7387<\/b><\/strong>\u00a0\u505a\u51fa\u8d21\u732e\u3002<\/p><p>\u719f\u7ec3\u64cd\u4f5c <strong><b>MISA \u4f1a\u8ba1\u8f6f\u4ef6<\/b><\/strong>\uff0c\u5e76\u5584\u4e8e\u4f7f\u7528 <strong><b>Microsoft Excel<\/b><\/strong>\u00a0\u8fdb\u884c\u6570\u636e\u5904\u7406\u4e0e\u5206\u6790\u3002\u4ee5 <strong><b>\u7ec6\u81f4\u3001\u8bda\u5b9e\u3001\u9ad8\u5ea6\u8d23\u4efb\u611f<\/b><\/strong>\u00a0\u4e3a\u5de5\u4f5c\u51c6\u5219\uff0c\u59cb\u7ec8\u786e\u4fdd <strong><b>\u4f1a\u8ba1\u6570\u636e\u7684\u51c6\u786e\u6027\u3001\u900f\u660e\u6027\u4e0e\u65f6\u6548\u6027<\/b><\/strong>\uff0c\u4e3a\u516c\u53f8\u8d22\u52a1\u7ba1\u7406\u7684\u89c4\u8303\u4e0e\u9ad8\u6548\u8fd0\u4f5c\u63d0\u4f9b\u6709\u529b\u4fdd\u969c\u3002<\/p>\t\t\t\t\t\t\t\t<\/div>\n\t\t\t\t<\/div>\n\t\t\t\t<div class=\"elementor-element elementor-element-b931164 elementor-widget__width-initial elementor-widget elementor-widget-text-editor\" data-id=\"b931164\" data-element_type=\"widget\" data-widget_type=\"text-editor.default\">\n\t\t\t\t<div class=\"elementor-widget-container\">\n\t\t\t\t\t\t\t\t\t<p><strong>T\u1ed1t nghi\u1ec7p ng\u00e0nh K\u1ebf to\u00e1n \u2013 Ki\u1ec3m to\u00e1n\u00a0t\u1ea1i Tr\u01b0\u1eddng \u0110\u1ea1i h\u1ecdc C\u00f4ng Nghi\u1ec7p TP.HCM, s\u1edf h\u1eefu n\u1ec1n t\u1ea3ng chuy\u00ean m\u00f4n v\u1eefng ch\u1eafc v\u1ec1 c\u00e1c nghi\u1ec7p v\u1ee5 k\u1ebf to\u00e1n nh\u01b0 h\u1ea1ch to\u00e1n, l\u1eadp b\u00e1o c\u00e1o t\u00e0i ch\u00ednh, ph\u00e2n t\u00edch s\u1ed1 li\u1ec7u v\u00e0 ki\u1ec3m so\u00e1t chi ph\u00ed.<\/strong><\/p><p><strong>\u0111\u1ea3m nhi\u1ec7m:<\/strong><\/p><ul><li><strong>Ghi ch\u00e9p v\u00e0 h\u1ea1ch to\u00e1n c\u00e1c nghi\u1ec7p v\u1ee5 kinh t\u1ebf ph\u00e1t sinh;<\/strong><\/li><li><strong>L\u1eadp s\u1ed5 s\u00e1ch k\u1ebf to\u00e1n v\u00e0 theo d\u00f5i c\u00f4ng n\u1ee3;<\/strong><\/li><li><strong>Qu\u1ea3n l\u00fd v\u00e0 l\u01b0u tr\u1eef h\u1ec7 th\u1ed1ng ch\u1ee9ng t\u1eeb k\u1ebf to\u00e1n. c\u00f3 kinh nghi\u1ec7m th\u1ef1c ti\u1ec5ntrong vi\u1ec7c l\u1eadp b\u00e1o c\u00e1o t\u00e0i ch\u00ednh, b\u00e1o c\u00e1o thu\u1ebf GTGT, TNDN, TNCN\u00a0\u0111\u00fang th\u1eddi h\u1ea1n, tham gia x\u00e2y d\u1ef1ng v\u00e0 ho\u00e0n thi\u1ec7n quy tr\u00ecnh qu\u1ea3n l\u00fd chi ph\u00ed n\u1ed9i b\u1ed9, g\u00f3p ph\u1ea7n t\u1ed1i \u01b0u h\u00f3a ng\u00e2n s\u00e1ch ho\u1ea1t \u0111\u1ed9ng c\u1ee7a c\u00f4ng ty.<\/strong><\/li><\/ul><p><strong>\u00a0s\u1eed d\u1ee5ng th\u00e0nh th\u1ea1o ph\u1ea7n m\u1ec1m k\u1ebf to\u00e1n MISA\u00a0v\u00e0 l\u00e0m vi\u1ec7c hi\u1ec7u qu\u1ea3 v\u1edbi Microsoft Excel\u00a0\u0111\u1ec3 x\u1eed l\u00fd, t\u1ed5ng h\u1ee3p v\u00e0 ph\u00e2n t\u00edch d\u1eef li\u1ec7u k\u1ebf to\u00e1n. V\u1edbi phong c\u00e1ch l\u00e0m vi\u1ec7c c\u1ea9n th\u1eadn, trung th\u1ef1c v\u00e0 tr\u00e1ch nhi\u1ec7m cao, \u00a0\u0111\u1ea3m b\u1ea3o h\u1ec7 th\u1ed1ng s\u1ed1 li\u1ec7u ch\u00ednh x\u00e1c, minh b\u1ea1ch v\u00e0 k\u1ecbp th\u1eddi, g\u00f3p ph\u1ea7n n\u00e2ng cao hi\u1ec7u qu\u1ea3 v\u1eadn h\u00e0nh t\u00e0i ch\u00ednh \u2013 k\u1ebf to\u00e1n cho doanh nghi\u1ec7p.<\/strong><\/p>\t\t\t\t\t\t\t\t<\/div>\n\t\t\t\t<\/div>\n\t\t\t\t\t<\/div>\n\t\t\t\t<\/div>\n\t\t\t\t<\/div>\n\t\t<div class=\"elementor-element elementor-element-7f62878 e-con-full e-flex e-con e-parent\" data-id=\"7f62878\" data-element_type=\"container\">\n\t\t\t\t<\/div>\n\t\t\t\t<\/div>\n\t\t","protected":false},"excerpt":{"rendered":"<p>\u8303\u6c0f\u96ea\u5a07\u00a0 \u00a0 Ph\u1ea1m Th\u1ecb Tuy\u1ebft Giao\u00a0 \u00a0Chuy\u00ean vi\u00ean K\u1ebf to\u00e1n \u2013 Ki\u1ec3 [&hellip;]<\/p>\n","protected":false},"author":1,"featured_media":0,"parent":41,"menu_order":0,"comment_status":"closed","ping_status":"closed","template":"elementor_header_footer","meta":{"_eb_attr":"","footnotes":""},"class_list":["post-872","page","type-page","status-publish","hentry"],"yoast_head":"<!-- This site is optimized with the Yoast SEO plugin v26.2 - https:\/\/yoast.com\/wordpress\/plugins\/seo\/ -->\n<title>\u8303\u6c0f\u96ea\u5a07\u4e2a\u4eba\u4fe1\u606f - \u8d8a\u5357\u5927\u5730\u5f8b\u5e08\u6709\u9650\u516c\u53f8<\/title>\n<meta name=\"robots\" content=\"index, follow, max-snippet:-1, max-image-preview:large, max-video-preview:-1\" \/>\n<link rel=\"canonical\" href=\"https:\/\/www.shendadi.com\/?page_id=872\" \/>\n<meta property=\"og:locale\" content=\"zh_CN\" \/>\n<meta property=\"og:type\" content=\"article\" \/>\n<meta property=\"og:title\" content=\"\u8303\u6c0f\u96ea\u5a07\u4e2a\u4eba\u4fe1\u606f - \u8d8a\u5357\u5927\u5730\u5f8b\u5e08\u6709\u9650\u516c\u53f8\" \/>\n<meta property=\"og:description\" content=\"\u8303\u6c0f\u96ea\u5a07\u00a0 \u00a0 Ph\u1ea1m Th\u1ecb Tuy\u1ebft Giao\u00a0 \u00a0Chuy\u00ean vi\u00ean K\u1ebf to\u00e1n \u2013 Ki\u1ec3 [&hellip;]\" \/>\n<meta property=\"og:url\" content=\"https:\/\/www.shendadi.com\/?page_id=872\" \/>\n<meta property=\"og:site_name\" content=\"\u8d8a\u5357\u5927\u5730\u5f8b\u5e08\u6709\u9650\u516c\u53f8\" \/>\n<meta property=\"article:modified_time\" content=\"2025-10-12T13:36:06+00:00\" \/>\n<meta name=\"twitter:card\" content=\"summary_large_image\" \/>\n<meta name=\"twitter:label1\" content=\"\u9884\u8ba1\u9605\u8bfb\u65f6\u95f4\" \/>\n\t<meta name=\"twitter:data1\" content=\"2 \u5206\" \/>\n<script type=\"application\/ld+json\" class=\"yoast-schema-graph\">{\"@context\":\"https:\/\/schema.org\",\"@graph\":[{\"@type\":\"WebPage\",\"@id\":\"https:\/\/www.shendadi.com\/?page_id=872\",\"url\":\"https:\/\/www.shendadi.com\/?page_id=872\",\"name\":\"\u8303\u6c0f\u96ea\u5a07\u4e2a\u4eba\u4fe1\u606f - \u8d8a\u5357\u5927\u5730\u5f8b\u5e08\u6709\u9650\u516c\u53f8\",\"isPartOf\":{\"@id\":\"https:\/\/www.shendadi.com\/#website\"},\"datePublished\":\"2025-09-03T14:19:52+00:00\",\"dateModified\":\"2025-10-12T13:36:06+00:00\",\"breadcrumb\":{\"@id\":\"https:\/\/www.shendadi.com\/?page_id=872#breadcrumb\"},\"inLanguage\":\"zh-Hans\",\"potentialAction\":[{\"@type\":\"ReadAction\",\"target\":[\"https:\/\/www.shendadi.com\/?page_id=872\"]}]},{\"@type\":\"BreadcrumbList\",\"@id\":\"https:\/\/www.shendadi.com\/?page_id=872#breadcrumb\",\"itemListElement\":[{\"@type\":\"ListItem\",\"position\":1,\"name\":\"\u9996\u9875\",\"item\":\"https:\/\/www.shendadi.com\/\"},{\"@type\":\"ListItem\",\"position\":2,\"name\":\"\u4e13\u4e1a\u56e2\u961f\",\"item\":\"https:\/\/www.shendadi.com\/?page_id=41\"},{\"@type\":\"ListItem\",\"position\":3,\"name\":\"\u8303\u6c0f\u96ea\u5a07\u4e2a\u4eba\u4fe1\u606f\"}]},{\"@type\":\"WebSite\",\"@id\":\"https:\/\/www.shendadi.com\/#website\",\"url\":\"https:\/\/www.shendadi.com\/\",\"name\":\"\u8d8a\u5357\u5927\u5730\u5f8b\u5e08\u6709\u9650\u516c\u53f8\",\"description\":\"\u4e2d\u56fd\u4eba\u81ea\u5df1\u7684\u5f8b\u6240\",\"potentialAction\":[{\"@type\":\"SearchAction\",\"target\":{\"@type\":\"EntryPoint\",\"urlTemplate\":\"https:\/\/www.shendadi.com\/?s={search_term_string}\"},\"query-input\":{\"@type\":\"PropertyValueSpecification\",\"valueRequired\":true,\"valueName\":\"search_term_string\"}}],\"inLanguage\":\"zh-Hans\"}]}<\/script>\n<!-- \/ Yoast SEO plugin. -->","yoast_head_json":{"title":"\u8303\u6c0f\u96ea\u5a07\u4e2a\u4eba\u4fe1\u606f - \u8d8a\u5357\u5927\u5730\u5f8b\u5e08\u6709\u9650\u516c\u53f8","robots":{"index":"index","follow":"follow","max-snippet":"max-snippet:-1","max-image-preview":"max-image-preview:large","max-video-preview":"max-video-preview:-1"},"canonical":"https:\/\/www.shendadi.com\/?page_id=872","og_locale":"zh_CN","og_type":"article","og_title":"\u8303\u6c0f\u96ea\u5a07\u4e2a\u4eba\u4fe1\u606f - \u8d8a\u5357\u5927\u5730\u5f8b\u5e08\u6709\u9650\u516c\u53f8","og_description":"\u8303\u6c0f\u96ea\u5a07\u00a0 \u00a0 Ph\u1ea1m Th\u1ecb Tuy\u1ebft Giao\u00a0 \u00a0Chuy\u00ean vi\u00ean K\u1ebf to\u00e1n \u2013 Ki\u1ec3 [&hellip;]","og_url":"https:\/\/www.shendadi.com\/?page_id=872","og_site_name":"\u8d8a\u5357\u5927\u5730\u5f8b\u5e08\u6709\u9650\u516c\u53f8","article_modified_time":"2025-10-12T13:36:06+00:00","twitter_card":"summary_large_image","twitter_misc":{"\u9884\u8ba1\u9605\u8bfb\u65f6\u95f4":"2 \u5206"},"schema":{"@context":"https:\/\/schema.org","@graph":[{"@type":"WebPage","@id":"https:\/\/www.shendadi.com\/?page_id=872","url":"https:\/\/www.shendadi.com\/?page_id=872","name":"\u8303\u6c0f\u96ea\u5a07\u4e2a\u4eba\u4fe1\u606f - \u8d8a\u5357\u5927\u5730\u5f8b\u5e08\u6709\u9650\u516c\u53f8","isPartOf":{"@id":"https:\/\/www.shendadi.com\/#website"},"datePublished":"2025-09-03T14:19:52+00:00","dateModified":"2025-10-12T13:36:06+00:00","breadcrumb":{"@id":"https:\/\/www.shendadi.com\/?page_id=872#breadcrumb"},"inLanguage":"zh-Hans","potentialAction":[{"@type":"ReadAction","target":["https:\/\/www.shendadi.com\/?page_id=872"]}]},{"@type":"BreadcrumbList","@id":"https:\/\/www.shendadi.com\/?page_id=872#breadcrumb","itemListElement":[{"@type":"ListItem","position":1,"name":"\u9996\u9875","item":"https:\/\/www.shendadi.com\/"},{"@type":"ListItem","position":2,"name":"\u4e13\u4e1a\u56e2\u961f","item":"https:\/\/www.shendadi.com\/?page_id=41"},{"@type":"ListItem","position":3,"name":"\u8303\u6c0f\u96ea\u5a07\u4e2a\u4eba\u4fe1\u606f"}]},{"@type":"WebSite","@id":"https:\/\/www.shendadi.com\/#website","url":"https:\/\/www.shendadi.com\/","name":"\u8d8a\u5357\u5927\u5730\u5f8b\u5e08\u6709\u9650\u516c\u53f8","description":"\u4e2d\u56fd\u4eba\u81ea\u5df1\u7684\u5f8b\u6240","potentialAction":[{"@type":"SearchAction","target":{"@type":"EntryPoint","urlTemplate":"https:\/\/www.shendadi.com\/?s={search_term_string}"},"query-input":{"@type":"PropertyValueSpecification","valueRequired":true,"valueName":"search_term_string"}}],"inLanguage":"zh-Hans"}]}},"_links":{"self":[{"href":"https:\/\/www.shendadi.com\/index.php?rest_route=\/wp\/v2\/pages\/872","targetHints":{"allow":["GET"]}}],"collection":[{"href":"https:\/\/www.shendadi.com\/index.php?rest_route=\/wp\/v2\/pages"}],"about":[{"href":"https:\/\/www.shendadi.com\/index.php?rest_route=\/wp\/v2\/types\/page"}],"author":[{"embeddable":true,"href":"https:\/\/www.shendadi.com\/index.php?rest_route=\/wp\/v2\/users\/1"}],"replies":[{"embeddable":true,"href":"https:\/\/www.shendadi.com\/index.php?rest_route=%2Fwp%2Fv2%2Fcomments&post=872"}],"version-history":[{"count":18,"href":"https:\/\/www.shendadi.com\/index.php?rest_route=\/wp\/v2\/pages\/872\/revisions"}],"predecessor-version":[{"id":1233,"href":"https:\/\/www.shendadi.com\/index.php?rest_route=\/wp\/v2\/pages\/872\/revisions\/1233"}],"up":[{"embeddable":true,"href":"https:\/\/www.shendadi.com\/index.php?rest_route=\/wp\/v2\/pages\/41"}],"wp:attachment":[{"href":"https:\/\/www.shendadi.com\/index.php?rest_route=%2Fwp%2Fv2%2Fmedia&parent=872"}],"curies":[{"name":"wp","href":"https:\/\/api.w.org\/{rel}","templated":true}]}}