{"id":856,"date":"2025-09-03T18:46:24","date_gmt":"2025-09-03T10:46:24","guid":{"rendered":"https:\/\/www.shendadi.com\/?page_id=856"},"modified":"2025-10-12T21:35:24","modified_gmt":"2025-10-12T13:35:24","slug":"%e8%8c%83%e7%bf%a0%e9%9c%9e%e4%b8%aa%e4%ba%ba%e4%bf%a1%e6%81%af","status":"publish","type":"page","link":"https:\/\/www.shendadi.com\/?page_id=856","title":{"rendered":"\u8303\u7fe0\u971e\u4e2a\u4eba\u4fe1\u606f"},"content":{"rendered":"\t\t<div data-elementor-type=\"wp-page\" data-elementor-id=\"856\" class=\"elementor elementor-856\">\n\t\t\t\t<div class=\"elementor-element elementor-element-8b4df67 e-con-full e-flex e-con e-parent\" data-id=\"8b4df67\" data-element_type=\"container\">\n\t\t<div class=\"elementor-element elementor-element-d66e336 e-flex e-con-boxed e-con e-child\" data-id=\"d66e336\" data-element_type=\"container\">\n\t\t\t\t\t<div class=\"e-con-inner\">\n\t\t\t\t<div class=\"elementor-element elementor-element-fa39c0a elementor-widget elementor-widget-image\" data-id=\"fa39c0a\" data-element_type=\"widget\" data-widget_type=\"image.default\">\n\t\t\t\t<div class=\"elementor-widget-container\">\n\t\t\t\t\t\t\t\t\t\t\t\t\t\t\t<img fetchpriority=\"high\" decoding=\"async\" width=\"683\" height=\"1024\" src=\"https:\/\/www.shendadi.com\/wp-content\/uploads\/2025\/09\/\u8303\u7fe0\u971e\u6cd5\u5f8b\u7ffb\u8bd11-683x1024.jpg\" class=\"attachment-large size-large wp-image-914\" alt=\"\" srcset=\"https:\/\/www.shendadi.com\/wp-content\/uploads\/2025\/09\/\u8303\u7fe0\u971e\u6cd5\u5f8b\u7ffb\u8bd11-683x1024.jpg 683w, https:\/\/www.shendadi.com\/wp-content\/uploads\/2025\/09\/\u8303\u7fe0\u971e\u6cd5\u5f8b\u7ffb\u8bd11-200x300.jpg 200w, https:\/\/www.shendadi.com\/wp-content\/uploads\/2025\/09\/\u8303\u7fe0\u971e\u6cd5\u5f8b\u7ffb\u8bd11-768x1152.jpg 768w, https:\/\/www.shendadi.com\/wp-content\/uploads\/2025\/09\/\u8303\u7fe0\u971e\u6cd5\u5f8b\u7ffb\u8bd11-1024x1536.jpg 1024w, https:\/\/www.shendadi.com\/wp-content\/uploads\/2025\/09\/elementor\/thumbs\/1-rb7qfe0ekpv9f8pmzwsi34hfm7cyl2s5ivfv9pafsg.jpg 400w, https:\/\/www.shendadi.com\/wp-content\/uploads\/2025\/09\/\u8303\u7fe0\u971e\u6cd5\u5f8b\u7ffb\u8bd11.jpg 1080w\" sizes=\"(max-width: 683px) 100vw, 683px\" \/>\t\t\t\t\t\t\t\t\t\t\t\t\t\t\t<\/div>\n\t\t\t\t<\/div>\n\t\t\t\t<div class=\"elementor-element elementor-element-8db12a2 elementor-widget elementor-widget-text-editor\" data-id=\"8db12a2\" data-element_type=\"widget\" data-widget_type=\"text-editor.default\">\n\t\t\t\t<div class=\"elementor-widget-container\">\n\t\t\t\t\t\t\t\t\t<h2 style=\"text-align: left;\">\u8303\u7fe0\u971e\u5973\u58eb\u00a0 \u00a0<span style=\"color: #000000; font-family: \u5fae\u8f6f\u96c5\u9ed1;\"><span style=\"font-size: 18.6667px;\">\u591a\u8bed\u8a00\u6cd5\u5f8b\u7ffb\u8bd1\u4e0e\u53e3\u8bd1\u4e13\u5bb6<\/span><\/span><\/h2>\t\t\t\t\t\t\t\t<\/div>\n\t\t\t\t<\/div>\n\t\t\t\t<div class=\"elementor-element elementor-element-26782e9 elementor-widget elementor-widget-text-editor\" data-id=\"26782e9\" data-element_type=\"widget\" data-widget_type=\"text-editor.default\">\n\t\t\t\t<div class=\"elementor-widget-container\">\n\t\t\t\t\t\t\t\t\t<p><strong><b>B\u00e0 Ph\u1ea1m Th\u00fay H\u00e0 \u2013 Chuy\u00ean gia d\u1ecbch thu\u1eadt v\u00e0 phi\u00ean d\u1ecbch ph\u00e1p l\u00fd \u0111a ng\u00f4n ng\u1eef<\/b><\/strong><\/p>\t\t\t\t\t\t\t\t<\/div>\n\t\t\t\t<\/div>\n\t\t\t\t<div class=\"elementor-element elementor-element-cdaa1a5 elementor-widget elementor-widget-text-editor\" data-id=\"cdaa1a5\" data-element_type=\"widget\" data-widget_type=\"text-editor.default\">\n\t\t\t\t<div class=\"elementor-widget-container\">\n\t\t\t\t\t\t\t\t\t<p>\u8d8a\u5357\u5927\u5730\u5f8b\u5e08\u6709\u9650\u516c\u53f8\u521b\u59cb\u5408\u4f19\u4eba\uff0c\u603b\u7ecf\u7406<\/p>\t\t\t\t\t\t\t\t<\/div>\n\t\t\t\t<\/div>\n\t\t\t\t<div class=\"elementor-element elementor-element-4648130 elementor-widget__width-initial elementor-widget elementor-widget-text-editor\" data-id=\"4648130\" data-element_type=\"widget\" data-widget_type=\"text-editor.default\">\n\t\t\t\t<div class=\"elementor-widget-container\">\n\t\t\t\t\t\t\t\t\t<p>\u6bd5\u4e1a\u4e8e\u6cb3\u5185\u5916\u56fd\u8bed\u5927\u5b66\uff0c\u5e76\u5b8c\u6210\u4e86\u82cf\u5dde\u5927\u5b66\u5de5\u5546\u7ba1\u7406\u8bfe\u7a0b\uff0c\u80fd\u591f\u719f\u7ec3\u4f7f\u7528\u4e09\u79cd\u8bed\u8a00\uff1a\u4e2d\u6587\u3001\u82f1\u6587\u548c\u8d8a\u6587\u3002<\/p><p>\u62e5\u670920\u591a\u5e74\u5728\u6cd5\u5f8b\u3001\u5546\u8d38\u548c\u56fd\u9645\u6295\u8d44\u9886\u57df\u7684\u7b14\u8bd1\u4e0e\u53e3\u8bd1\u7ecf\u9a8c\uff0c\u66fe\u966a\u540c\u4f17\u591a\u5916\u56fd\u4f01\u4e1a\u548c\u5f8b\u5e08\u4e8b\u52a1\u6240\u5904\u7406\u590d\u6742\u7684\u4ea4\u6613\u3002\u63d0\u4f9b\u5e76\u8d2d\uff08M&amp;A\uff09\u4ea4\u6613\u3001\u56fd\u9645\u5546\u4e8b\u5408\u540c\uff1b\u5916\u5546\u6295\u8d44\u624b\u7eed\uff0c\u5728\u8d8a\u5357\u8bbe\u7acb\u4f01\u4e1a\uff1b\u5546\u4e8b\u8bc9\u8bbc\u3001\u4e89\u8bae\u89e3\u51b3\uff1b\u6cd5\u5f8b\u6587\u4ef6\u7684\u516c\u8bc1\u7ffb\u8bd1\u4e0e\u9886\u4e8b\u8ba4\u8bc1\u3002<\/p><p>\u91cd\u89c6\u51c6\u786e\u6027\u3001\u4fdd\u5bc6\u6027\u548c\u4e13\u4e1a\u6027\uff0c\u59cb\u7ec8\u5728\u8de8\u56fd\u6cd5\u5f8b\u4e0e\u6587\u5316\u73af\u5883\u4e2d\u626e\u6f14\u9ad8\u6548\u7684\u6865\u6881\u89d2\u8272\u3002<\/p>\t\t\t\t\t\t\t\t<\/div>\n\t\t\t\t<\/div>\n\t\t\t\t<div class=\"elementor-element elementor-element-b931164 elementor-widget__width-initial elementor-widget elementor-widget-text-editor\" data-id=\"b931164\" data-element_type=\"widget\" data-widget_type=\"text-editor.default\">\n\t\t\t\t<div class=\"elementor-widget-container\">\n\t\t\t\t\t\t\t\t\t<p><strong>B\u00e0 l\u00e0 nh\u00e0 \u0111\u1ed3ng s\u00e1ng l\u1eadp\u00a0v\u00e0 T\u1ed5ng Gi\u00e1m \u0111\u1ed1c\u00a0c\u1ee7a C\u00f4ng ty Lu\u1eadt \u0110a\u0323i \u0110i\u0323a Vi\u1ec7t Nam. T\u1ed1t nghi\u1ec7p \u0110\u1ea1i h\u1ecdc Ngo\u1ea1i ng\u1eef H\u00e0 N\u1ed9i, \u0111\u1ed3ng th\u1eddi ho\u00e0n th\u00e0nh ch\u01b0\u01a1ng tr\u00ecnh Qu\u1ea3n tr\u1ecb Kinh doanh\u00a0t\u1ea1i \u0110\u1ea1i h\u1ecdc T\u00f4 Ch\u00e2u. B\u00e0 s\u1eed d\u1ee5ng th\u00e0nh th\u1ea1o ba ng\u00f4n ng\u1eef: ti\u1ebfng Trung, ti\u1ebfng Anh v\u00e0 ti\u1ebfng Vi\u1ec7t.<\/strong><\/p><p><strong>V\u1edbi h\u01a1n 20 n\u0103m kinh nghi\u1ec7m\u00a0trong l\u0129nh v\u1ef1c bi\u00ean \u2013 phi\u00ean d\u1ecbch ph\u00e1p l\u00fd, th\u01b0\u01a1ng m\u1ea1i v\u00e0 \u0111\u1ea7u t\u01b0 qu\u1ed1c t\u1ebf, b\u00e0 t\u1eebng \u0111\u1ed3ng h\u00e0nh c\u00f9ng nhi\u1ec1u doanh nghi\u1ec7p n\u01b0\u1edbc ngo\u00e0i v\u00e0 h\u00e3ng lu\u1eadt\u00a0x\u1eed l\u00fd c\u00e1c giao d\u1ecbch ph\u1ee9c t\u1ea1p.<\/strong><\/p><p><strong>L\u0129nh v\u1ef1c chuy\u00ean m\u00f4n bao g\u1ed3m:<\/strong><\/p><ul><li><strong>Giao d\u1ecbch M&amp;A (mua b\u00e1n \u2013 s\u00e1p nh\u1eadp)v\u00e0 h\u1ee3p \u0111\u1ed3ng th\u01b0\u01a1ng m\u1ea1i qu\u1ed1c t\u1ebf;<\/strong><\/li><li><strong>Th\u1ee7 t\u1ee5c \u0111\u1ea7u t\u01b0 n\u01b0\u1edbc ngo\u00e0i, th\u00e0nh l\u1eadp doanh nghi\u1ec7p t\u1ea1i Vi\u1ec7t Nam;<\/strong><\/li><li><strong>T\u1ed1 t\u1ee5ng th\u01b0\u01a1ng m\u1ea1i, gi\u1ea3i quy\u1ebft tranh ch\u1ea5p;<\/strong><\/li><li><strong>D\u1ecbch thu\u1eadt c\u00f4ng ch\u1ee9ng v\u00e0 h\u1ee3p ph\u00e1p h\u00f3a l\u00e3nh s\u1ef1c\u00e1c t\u00e0i li\u1ec7u ph\u00e1p l\u00fd.<\/strong><\/li><\/ul><p><strong>B\u00e0 lu\u00f4n \u0111\u1ec1 cao t\u00ednh ch\u00ednh x\u00e1c, b\u1ea3o m\u1eadt\u00a0v\u00e0 chuy\u00ean nghi\u1ec7p, \u0111\u00f3ng vai tr\u00f2 c\u1ea7u n\u1ed1i hi\u1ec7u qu\u1ea3\u00a0trong b\u1ed1i c\u1ea3nh ph\u00e1p l\u00fd v\u00e0 v\u0103n h\u00f3a \u0111a qu\u1ed1c gia.<\/strong><\/p>\t\t\t\t\t\t\t\t<\/div>\n\t\t\t\t<\/div>\n\t\t\t\t\t<\/div>\n\t\t\t\t<\/div>\n\t\t\t\t<\/div>\n\t\t<div class=\"elementor-element elementor-element-275ffcb e-flex e-con-boxed e-con e-parent\" data-id=\"275ffcb\" data-element_type=\"container\">\n\t\t\t\t\t<div class=\"e-con-inner\">\n\t\t\t\t\t<\/div>\n\t\t\t\t<\/div>\n\t\t\t\t<\/div>\n\t\t","protected":false},"excerpt":{"rendered":"<p>\u8303\u7fe0\u971e\u5973\u58eb\u00a0 \u00a0\u591a\u8bed\u8a00\u6cd5\u5f8b\u7ffb\u8bd1\u4e0e\u53e3\u8bd1\u4e13\u5bb6 B\u00e0 Ph\u1ea1m Th\u00fay H\u00e0 \u2013 Chuy\u00ean gia d\u1ecbch  [&hellip;]<\/p>\n","protected":false},"author":1,"featured_media":0,"parent":41,"menu_order":0,"comment_status":"closed","ping_status":"closed","template":"elementor_header_footer","meta":{"_eb_attr":"","footnotes":""},"class_list":["post-856","page","type-page","status-publish","hentry"],"yoast_head":"<!-- This site is optimized with the Yoast SEO plugin v26.2 - https:\/\/yoast.com\/wordpress\/plugins\/seo\/ -->\n<title>\u8303\u7fe0\u971e\u4e2a\u4eba\u4fe1\u606f - \u8d8a\u5357\u5927\u5730\u5f8b\u5e08\u6709\u9650\u516c\u53f8<\/title>\n<meta name=\"robots\" content=\"index, follow, max-snippet:-1, max-image-preview:large, max-video-preview:-1\" \/>\n<link rel=\"canonical\" href=\"https:\/\/www.shendadi.com\/?page_id=856\" \/>\n<meta property=\"og:locale\" content=\"zh_CN\" \/>\n<meta property=\"og:type\" content=\"article\" \/>\n<meta property=\"og:title\" content=\"\u8303\u7fe0\u971e\u4e2a\u4eba\u4fe1\u606f - \u8d8a\u5357\u5927\u5730\u5f8b\u5e08\u6709\u9650\u516c\u53f8\" \/>\n<meta property=\"og:description\" content=\"\u8303\u7fe0\u971e\u5973\u58eb\u00a0 \u00a0\u591a\u8bed\u8a00\u6cd5\u5f8b\u7ffb\u8bd1\u4e0e\u53e3\u8bd1\u4e13\u5bb6 B\u00e0 Ph\u1ea1m Th\u00fay H\u00e0 \u2013 Chuy\u00ean gia d\u1ecbch [&hellip;]\" \/>\n<meta property=\"og:url\" content=\"https:\/\/www.shendadi.com\/?page_id=856\" \/>\n<meta property=\"og:site_name\" content=\"\u8d8a\u5357\u5927\u5730\u5f8b\u5e08\u6709\u9650\u516c\u53f8\" \/>\n<meta property=\"article:modified_time\" content=\"2025-10-12T13:35:24+00:00\" \/>\n<meta name=\"twitter:card\" content=\"summary_large_image\" \/>\n<meta name=\"twitter:label1\" content=\"\u9884\u8ba1\u9605\u8bfb\u65f6\u95f4\" \/>\n\t<meta name=\"twitter:data1\" content=\"2 \u5206\" \/>\n<script type=\"application\/ld+json\" class=\"yoast-schema-graph\">{\"@context\":\"https:\/\/schema.org\",\"@graph\":[{\"@type\":\"WebPage\",\"@id\":\"https:\/\/www.shendadi.com\/?page_id=856\",\"url\":\"https:\/\/www.shendadi.com\/?page_id=856\",\"name\":\"\u8303\u7fe0\u971e\u4e2a\u4eba\u4fe1\u606f - \u8d8a\u5357\u5927\u5730\u5f8b\u5e08\u6709\u9650\u516c\u53f8\",\"isPartOf\":{\"@id\":\"https:\/\/www.shendadi.com\/#website\"},\"datePublished\":\"2025-09-03T10:46:24+00:00\",\"dateModified\":\"2025-10-12T13:35:24+00:00\",\"breadcrumb\":{\"@id\":\"https:\/\/www.shendadi.com\/?page_id=856#breadcrumb\"},\"inLanguage\":\"zh-Hans\",\"potentialAction\":[{\"@type\":\"ReadAction\",\"target\":[\"https:\/\/www.shendadi.com\/?page_id=856\"]}]},{\"@type\":\"BreadcrumbList\",\"@id\":\"https:\/\/www.shendadi.com\/?page_id=856#breadcrumb\",\"itemListElement\":[{\"@type\":\"ListItem\",\"position\":1,\"name\":\"\u9996\u9875\",\"item\":\"https:\/\/www.shendadi.com\/\"},{\"@type\":\"ListItem\",\"position\":2,\"name\":\"\u4e13\u4e1a\u56e2\u961f\",\"item\":\"https:\/\/www.shendadi.com\/?page_id=41\"},{\"@type\":\"ListItem\",\"position\":3,\"name\":\"\u8303\u7fe0\u971e\u4e2a\u4eba\u4fe1\u606f\"}]},{\"@type\":\"WebSite\",\"@id\":\"https:\/\/www.shendadi.com\/#website\",\"url\":\"https:\/\/www.shendadi.com\/\",\"name\":\"\u8d8a\u5357\u5927\u5730\u5f8b\u5e08\u6709\u9650\u516c\u53f8\",\"description\":\"\u4e2d\u56fd\u4eba\u81ea\u5df1\u7684\u5f8b\u6240\",\"potentialAction\":[{\"@type\":\"SearchAction\",\"target\":{\"@type\":\"EntryPoint\",\"urlTemplate\":\"https:\/\/www.shendadi.com\/?s={search_term_string}\"},\"query-input\":{\"@type\":\"PropertyValueSpecification\",\"valueRequired\":true,\"valueName\":\"search_term_string\"}}],\"inLanguage\":\"zh-Hans\"}]}<\/script>\n<!-- \/ Yoast SEO plugin. -->","yoast_head_json":{"title":"\u8303\u7fe0\u971e\u4e2a\u4eba\u4fe1\u606f - \u8d8a\u5357\u5927\u5730\u5f8b\u5e08\u6709\u9650\u516c\u53f8","robots":{"index":"index","follow":"follow","max-snippet":"max-snippet:-1","max-image-preview":"max-image-preview:large","max-video-preview":"max-video-preview:-1"},"canonical":"https:\/\/www.shendadi.com\/?page_id=856","og_locale":"zh_CN","og_type":"article","og_title":"\u8303\u7fe0\u971e\u4e2a\u4eba\u4fe1\u606f - \u8d8a\u5357\u5927\u5730\u5f8b\u5e08\u6709\u9650\u516c\u53f8","og_description":"\u8303\u7fe0\u971e\u5973\u58eb\u00a0 \u00a0\u591a\u8bed\u8a00\u6cd5\u5f8b\u7ffb\u8bd1\u4e0e\u53e3\u8bd1\u4e13\u5bb6 B\u00e0 Ph\u1ea1m Th\u00fay H\u00e0 \u2013 Chuy\u00ean gia d\u1ecbch [&hellip;]","og_url":"https:\/\/www.shendadi.com\/?page_id=856","og_site_name":"\u8d8a\u5357\u5927\u5730\u5f8b\u5e08\u6709\u9650\u516c\u53f8","article_modified_time":"2025-10-12T13:35:24+00:00","twitter_card":"summary_large_image","twitter_misc":{"\u9884\u8ba1\u9605\u8bfb\u65f6\u95f4":"2 \u5206"},"schema":{"@context":"https:\/\/schema.org","@graph":[{"@type":"WebPage","@id":"https:\/\/www.shendadi.com\/?page_id=856","url":"https:\/\/www.shendadi.com\/?page_id=856","name":"\u8303\u7fe0\u971e\u4e2a\u4eba\u4fe1\u606f - \u8d8a\u5357\u5927\u5730\u5f8b\u5e08\u6709\u9650\u516c\u53f8","isPartOf":{"@id":"https:\/\/www.shendadi.com\/#website"},"datePublished":"2025-09-03T10:46:24+00:00","dateModified":"2025-10-12T13:35:24+00:00","breadcrumb":{"@id":"https:\/\/www.shendadi.com\/?page_id=856#breadcrumb"},"inLanguage":"zh-Hans","potentialAction":[{"@type":"ReadAction","target":["https:\/\/www.shendadi.com\/?page_id=856"]}]},{"@type":"BreadcrumbList","@id":"https:\/\/www.shendadi.com\/?page_id=856#breadcrumb","itemListElement":[{"@type":"ListItem","position":1,"name":"\u9996\u9875","item":"https:\/\/www.shendadi.com\/"},{"@type":"ListItem","position":2,"name":"\u4e13\u4e1a\u56e2\u961f","item":"https:\/\/www.shendadi.com\/?page_id=41"},{"@type":"ListItem","position":3,"name":"\u8303\u7fe0\u971e\u4e2a\u4eba\u4fe1\u606f"}]},{"@type":"WebSite","@id":"https:\/\/www.shendadi.com\/#website","url":"https:\/\/www.shendadi.com\/","name":"\u8d8a\u5357\u5927\u5730\u5f8b\u5e08\u6709\u9650\u516c\u53f8","description":"\u4e2d\u56fd\u4eba\u81ea\u5df1\u7684\u5f8b\u6240","potentialAction":[{"@type":"SearchAction","target":{"@type":"EntryPoint","urlTemplate":"https:\/\/www.shendadi.com\/?s={search_term_string}"},"query-input":{"@type":"PropertyValueSpecification","valueRequired":true,"valueName":"search_term_string"}}],"inLanguage":"zh-Hans"}]}},"_links":{"self":[{"href":"https:\/\/www.shendadi.com\/index.php?rest_route=\/wp\/v2\/pages\/856","targetHints":{"allow":["GET"]}}],"collection":[{"href":"https:\/\/www.shendadi.com\/index.php?rest_route=\/wp\/v2\/pages"}],"about":[{"href":"https:\/\/www.shendadi.com\/index.php?rest_route=\/wp\/v2\/types\/page"}],"author":[{"embeddable":true,"href":"https:\/\/www.shendadi.com\/index.php?rest_route=\/wp\/v2\/users\/1"}],"replies":[{"embeddable":true,"href":"https:\/\/www.shendadi.com\/index.php?rest_route=%2Fwp%2Fv2%2Fcomments&post=856"}],"version-history":[{"count":13,"href":"https:\/\/www.shendadi.com\/index.php?rest_route=\/wp\/v2\/pages\/856\/revisions"}],"predecessor-version":[{"id":1227,"href":"https:\/\/www.shendadi.com\/index.php?rest_route=\/wp\/v2\/pages\/856\/revisions\/1227"}],"up":[{"embeddable":true,"href":"https:\/\/www.shendadi.com\/index.php?rest_route=\/wp\/v2\/pages\/41"}],"wp:attachment":[{"href":"https:\/\/www.shendadi.com\/index.php?rest_route=%2Fwp%2Fv2%2Fmedia&parent=856"}],"curies":[{"name":"wp","href":"https:\/\/api.w.org\/{rel}","templated":true}]}}